 prime factors of (r/(-3))/(2/(-21))?
2, 7
Let b(h) = h**2 - 7. Let r be b(-5). Suppose -3*a = -3*c + r, 3*a - 13 = -4*c + 4. List the prime factors of 3/1 - a - 1.
3
Let x(p) = 9*p**2 + p. Let g be x(1). Suppose 0*z = -5*z - g. Let t = z + 8. List the prime factors of t.
2, 3
Suppose -1468 = -11*t + 10*t - i, 3*t - 2*i - 4389 = 0. What are the prime factors of t?
5, 293
Suppose -g - 43 = -2*g. Let c be (1 - (1 - -3)) + g. Let q = -1 + c. List the prime factors of q.
3, 13
Let i = -54 + 37. Let z be (-9)/((-18)/(-80)) + -4. Let j = i - z. List the prime factors of j.
3
Let n be ((-9)/4)/((-27)/(-72)). Let q(g) = 3*g**2 + 4*g + 9. Let y be q(n). List the prime factors of 4/22 + y/33.
3
Let z be 0/1 + -2 + 8. Let r(c) = -c - z - 5*c + 8. What are the prime factors of r(-3)?
2, 5
Suppose 0 = 6*g - 7*g + 3. What are the prime factors of 3 + -6 + 69/g?
2, 5
Suppose 7*u + u = -32. What are the prime factors of (u + (-1236)/(-30))*40/6?
2, 31
Let m(p) be the third derivative of 7*p**4/12 - 11*p**3/6 + 47*p**2. List the prime factors of m(9).
5, 23
Let f(o) = o**2 + 4*o + 3. Let w = -27 - -8. Let d = -15 - w. What are the prime factors of f(d)?
5, 7
Suppose -12 + 32 = 5*t. What are the prime factors of 23 - (t - 6 - 0)?
5
Let j be 3 + -3 + 3 + 80. Suppose j = -4*w + 267. List the prime factors of w.
2, 23
Let o(m) = m**3 + 9*m**2 + 2*m + 4. Let s be o(-7). Suppose 32 = -7*j + s. What are the prime factors of j?
2
Let x = -172 + 210. List the prime factors of x.
2, 19
Let m be -1 - (-6)/5 - (-155)/(-25). Let o(w) = 2*w**2 + 5*w + 15. What are the prime factors of o(m)?
3, 19
Let m = -50 + 135. Suppose m = 7*z - 587. What are the prime factors of z?
2, 3
Suppose -3*c = -8*q + 7*q - 9396, 4*c = -3*q + 12515. List the prime factors of c.
31, 101
Let d be ((-5)/2)/((-4)/24). Suppose 0 = -3*z - 5 + 29. Let x = d + z. List the prime factors of x.
23
Suppose -6 = -2*q - 5*d, -9 = -3*q - 0*q + 4*d. Suppose -3 - 1 = -k, -q*k + 78 = 2*t. List the prime factors of t.
3, 11
Let s = -368 - -1099. What are the prime factors of s?
17, 43
Suppose 3*d - 50 = 3097. What are the prime factors of d?
1049
Let c(i) = -i**2 + 13*i + 445. What are the prime factors of c(0)?
5, 89
Let p(g) = 386*g - 387. What are the prime factors of p(13)?
11, 421
Let u be (86/3 - (-12)/36) + 3. Let w be (-6)/4 + 2/4. Let x = w + u. What are the prime factors of x?
31
Let k(q) = 1 - 41*q**2 + 4*q + 192*q**2 - 76*q**2. List the prime factors of k(-1).
2, 3
What are the prime factors of -1 + 8950/18 - 40/180?
2, 31
Suppose 3*q + 10*k - 8*k - 5807 = 0, -5*q = 5*k - 9680. What are the prime factors of q?
3, 5, 43
Let x = -92 - -66. Let y = x - -28. List the prime factors of y.
2
Let n = 4172 + -1681. What are the prime factors of n?
47, 53
Suppose -31*v = -20*v - 6545. What are the prime factors of v?
5, 7, 17
Let a(v) = -v + 2. Let f(l) = 6*l - 11. Let s(w) = -11*a(w) - 2*f(w). Let j be s(6). List the prime factors of 3 + 4 + j - -62.
3, 7
Let z(t) = -t**2 + 7*t + 7. Let g(h) = 6 + 12*h + 8*h - 4*h**2 + 9*h + 23. Let r(j) = 2*g(j) - 9*z(j). What are the prime factors of r(11)?
61
Suppose 0 = 2*h - 4*o - 950, -2*h = -0*h + 2*o - 950. Suppose -3*w + h = 2*w. List the prime factors of w.
5, 19
List the prime factors of 3/9 - (-15)/(135/3084).
7
Let b be (-2)/4*(-940)/10. Suppose c = -4*f - b, f + 37 = -3*f - 3*c. Let g = f + 55. List the prime factors of g.
2, 3, 7
Let p = 272 + 459. List the prime factors of p.
17, 43
List the prime factors of (-2881710)/(-2145) - 4/22*-3.
2, 3, 7
Let g(p) = -13*p - 5. Let f be g(-5). Let r be (-804)/(-20) + (-4)/20. Let q = f - r. List the prime factors of q.
2, 5
Suppose -5*g + 2*g - 12 = 0. Let z be 2/g + 6/(-4). List the prime factors of z/4 + 123/6.
2, 5
Let n be (-11)/(38/10 - 4). Suppose 52*d = n*d - 507. What are the prime factors of d?
13
Let o be (1/(-2))/((-1)/(-2)). Suppose -3*v + 10 = 16, -3*v = -5*h + 11. List the prime factors of h + o/(-1 + 0).
2
Let c(n) = -n**3 - 4*n**2 + n - 1. Let r(p) = -p**3 + 8*p**2 - 5*p - 6. Let f be r(7). Let k be 51/(-12) + (-6)/f. What are the prime factors of c(k)?
19
Suppose -4*v = -3*u + 354, -u - u + 3*v = -236. Let m = u - 65. List the prime factors of m.
53
Suppose 145 = p - 0*p - 5*t, 536 = 4*p + 2*t. Suppose 0 = -4*h + 97 + p. What are the prime factors of h?
2, 29
Let a = -2227 + 4266. What are the prime factors of a?
2039
Let a(t) = 319*t**2 + 9*t + 13. Let m be a(-2). Suppose -9*g + 493 = -m. What are the prime factors of g?
2, 7
List the prime factors of (957/4)/(-1 - 19/(-16)).
2, 11, 29
Let g = -641 - -1042. List the prime factors of g.
401
Suppose -5*l + 4*y = -3918, -5*y + 7*y = -3*l + 2364. List the prime factors of l.
2, 3, 131
Let i(g) = -175*g - 1 + 188*g - 6. Suppose 3*w - w - 4*s = 14, 9 = 5*w + 3*s. List the prime factors of i(w).
2
Suppose 0 = -2*t - 4*s + 158, -2*t - 6*s = -3*s - 155. Suppose -77 - t = -6*q. List the prime factors of q.
5
List the prime factors of (-227)/((-682)/(-77) - 9).
7, 227
Suppose t = y + 11, -y + 17 = -3*y + t. Let d(w) = 4*w**2 + 7*w + 15. List the prime factors of d(y).
3, 13
Let u(w) = w**2 + w. Suppose 0 = 5*b + s - 25, -s = -2*b - 0*s + 10. Suppose -b*c + 13 = -12. What are the prime factors of u(c)?
2, 3, 5
Suppose -3*l - 4*g - 16 = 0, l - 5*g - 20 = 4*l. Suppose l = 5*z - 2*n - 208, -5*z = -6*n + n - 205. List the prime factors of z.
2, 3, 7
Let i be (0/3)/(2 + -3). Let q = i + 2. Suppose -3*m = q*m - 10. What are the prime factors of m?
2
Let o(c) = -28*c + 24. Let k(h) = -83*h + 73. Let n(u) = 3*k(u) - 8*o(u). List the prime factors of n(-6).
3, 59
Let w = 467 + -121. List the prime factors of w.
2, 173
Let o be (11 - 12)/((-2)/4). Suppose -o*d + 0*d + 2*c + 24 = 0, 2*c = d - 13. Suppose 9*w = d*w - 62. What are the prime factors of w?
31
Let o(w) = -2*w**2 - 4*w + 10. Suppose -g = -7 + 3. Let l be o(g). List the prime factors of 2*1*(-893)/l.
47
Let z(g) = 11*g + 60. Let u be z(-6). Let f = 11 + -4. What are the prime factors of f - u - (0 - -2)?
11
Suppose m - 4*x + 20 = -0*m, x = -5*m - 16. Let u(i) = -i**2 + 3*i + 2. Let b be u(2). List the prime factors of (2/m)/(b/(-120)).
3, 5
Suppose -120*k = -136*k + 48736. What are the prime factors of k?
2, 1523
What are the prime factors of (14/3)/(12/522)?
7, 29
Suppose -84*m + 6*m + 309114 = 0. What are the prime factors of m?
3, 1321
Let i(g) = 20*g**2 - 2*g - 4. Let s be i(6). Let m be (s/48)/((-4)/(-6)). Suppose -14 = -3*y + m. What are the prime factors of y?
2, 3
Let c = -11 + 23. Suppose n + 5*p = 2*p + 7, c = 2*n + 4*p. Suppose -d + 7 = -0*d + k, n*d - 5*k - 73 = 0. What are the prime factors of d?
2, 3
Let x be (-24 + -3)/(6/(-4)). Suppose 2*b = -4*l - x, 4*l + 12 = -2*b - 2*b. Let y(c) = -c**3 - 6*c**2 - 4*c + 6. List the prime factors of y(l).
2, 3, 5
Let v(w) = -5*w**3 + 4*w - 4. Let p be v(2). Let q = p + 53. What are the prime factors of q?
17
Let d be 3 + -3 - (-3 - 1). Suppose -379 + 143 = -d*k. List the prime factors of k.
59
Let c = -839 + 1956. List the prime factors of c.
1117
Let a be (21/9 - 2)*(20 + -2). List the prime factors of (50/(-6))/(a/(-54)).
3, 5
Let o(f) = 2*f**3 - 3*f**2 + 6*f - 9. Let a be o(2). Suppose 4*k = -w + 186, w = -a*k + 2*k + 187. What are the prime factors of w?
2, 7, 13
Let r(n) = n. Let j(l) = -20*l + 17. Let z(g) = -j(g) - 5*r(g). Let x be z(7). Let o = x + -30. List the prime factors of o.
2, 29
Suppose 130 = 6*d - 566. Suppose 3*x + 52 - 156 = 2*t, 2*t + 5*x + 72 = 0. Let q = d + t. List the prime factors of q.
2, 5, 7
Suppose -6 = -3*q, 2*q = 5*z + q - 433. Suppose -z*g + 89*g = 202. List the prime factors of g.
101
Let f(x) = 7*x**2 + x - 1. Let w be f(-6). Suppose 0 = -22*r + 17*r + w. What are the prime factors of r?
7
Let d = 9 - 5. Suppose 0 = -5*y + 81 + d. Let f = 12 + y. What are the prime factors of f?
29
Let i be -5 + 1 + -1 + 1. List the prime factors of (i/8*106)/(3 - 4).
53
Let y = -53 - -29. List the prime factors of (-65)/39*y/(1 - -1).
2, 5
Suppose -10305 = -5*q - 5*j, -4*q + 78*j + 8271 = 73*j. What are the prime factors of q?
2, 3, 43
Suppose -o = 30*o. Let u = 60 + -36. Suppose -i + u = -o. What are the prime factors of i?
2, 3
Suppose 3*t - 3817 - 2234 = 0. List the prime factors of t.
2017
Let z = 481 - 331. Suppose -3*x + 180 = -z. What 